{"id":263,"date":"2025-01-14T12:34:11","date_gmt":"2025-01-14T12:34:11","guid":{"rendered":"https:\/\/marcianoediciones.cl\/?post_type=product&#038;p=263"},"modified":"2025-04-24T09:57:06","modified_gmt":"2025-04-24T13:57:06","slug":"nadie-quiere-morir-al-amanecer","status":"publish","type":"product","link":"https:\/\/marcianoediciones.cl\/index.php\/producto\/nadie-quiere-morir-al-amanecer\/","title":{"rendered":"Nadie quiere morir al amanecer"},"content":{"rendered":"<p>Autor: Walter Garib<\/p>\n<p>Tipo de obra: Novela<\/p>\n<p>Formato: Tapa blanda, 234 p\u00e1ginas<\/p>\n<p>Dimensiones: 15 cm x 23 cm<\/p>\n<p>ISBN: 978-956-6094-66-1<\/p>\n<p>Despacho sin costo a todo Chile<\/p>\n<p>Una obra escrita en 1982 que se manten\u00eda in\u00e9dita, donde se respira la atm\u00f3sfera opresiva del Chile de la dictadura, reflejada en las cavilaciones, en los \u00faltimos minutos de vida, de un hombre baleado en la noche santiaguina.<\/p>\n<p>Esta novela obtuvo el segundo premio en los Juegos Literarios Gabriela Mistral de Santiago en 1982. A pesar del galard\u00f3n, por extra\u00f1as circunstancias cay\u00f3 bajo la lupa inquisidora, quedando en la penumbra hasta hoy.<\/p>\n","protected":false},"excerpt":{"rendered":"<p>Una obra escrita en 1982 que se manten\u00eda in\u00e9dita, donde se respira la atm\u00f3sfera opresiva del Chile de la dictadura, reflejada en las cavilaciones, en los \u00faltimos minutos de vida, de un hombre baleado en la noche santiaguina.<\/p>\n","protected":false},"featured_media":242,"comment_status":"open","ping_status":"closed","template":"","meta":[],"product_brand":[],"product_cat":[18],"product_tag":[],"class_list":{"0":"post-263","1":"product","2":"type-product","3":"status-publish","4":"has-post-thumbnail","6":"product_cat-novela","8":"first","9":"instock","10":"taxable","11":"shipping-taxable","12":"purchasable","13":"product-type-simple"},"_links":{"self":[{"href":"https:\/\/marcianoediciones.cl\/index.php\/wp-json\/wp\/v2\/product\/263","targetHints":{"allow":["GET"]}}],"collection":[{"href":"https:\/\/marcianoediciones.cl\/index.php\/wp-json\/wp\/v2\/product"}],"about":[{"href":"https:\/\/marcianoediciones.cl\/index.php\/wp-json\/wp\/v2\/types\/product"}],"replies":[{"embeddable":true,"href":"https:\/\/marcianoediciones.cl\/index.php\/wp-json\/wp\/v2\/comments?post=263"}],"wp:featuredmedia":[{"embeddable":true,"href":"https:\/\/marcianoediciones.cl\/index.php\/wp-json\/wp\/v2\/media\/242"}],"wp:attachment":[{"href":"https:\/\/marcianoediciones.cl\/index.php\/wp-json\/wp\/v2\/media?parent=263"}],"wp:term":[{"taxonomy":"product_brand","embeddable":true,"href":"https:\/\/marcianoediciones.cl\/index.php\/wp-json\/wp\/v2\/product_brand?post=263"},{"taxonomy":"product_cat","embeddable":true,"href":"https:\/\/marcianoediciones.cl\/index.php\/wp-json\/wp\/v2\/product_cat?post=263"},{"taxonomy":"product_tag","embeddable":true,"href":"https:\/\/marcianoediciones.cl\/index.php\/wp-json\/wp\/v2\/product_tag?post=263"}],"curies":[{"name":"wp","href":"https:\/\/api.w.org\/{rel}","templated":true}]}}