{"id":280,"date":"2025-01-14T13:41:32","date_gmt":"2025-01-14T13:41:32","guid":{"rendered":"https:\/\/marcianoediciones.cl\/?post_type=product&#038;p=280"},"modified":"2025-05-26T08:52:51","modified_gmt":"2025-05-26T12:52:51","slug":"un-sol-negro-en-los-ojos","status":"publish","type":"product","link":"https:\/\/marcianoediciones.cl\/index.php\/producto\/un-sol-negro-en-los-ojos\/","title":{"rendered":"Un sol negro en los ojos"},"content":{"rendered":"<p>Autora: Trenza<\/p>\n<p>Tipo de obra: Poes\u00eda<\/p>\n<p>Formato: Tapa blanda, 172 p\u00e1ginas<\/p>\n<p>Dimensiones: 15 cm x 23 cm<\/p>\n<p>ISBN: 978-956-6094-19-7<\/p>\n<p>Despacho sin costo a todo Chile<\/p>\n<p>La poes\u00eda de la Trenza es pol\u00edtica, ya que sobrepas\u00f3 esa dicotom\u00eda del arte y la pol\u00edtica, se anida en las ant\u00edpodas del poder, es palabra resistente.<\/p>\n","protected":false},"excerpt":{"rendered":"<p>La poes\u00eda de la Trenza es pol\u00edtica, ya que sobrepas\u00f3 esa dicotom\u00eda del arte y la pol\u00edtica, se anida en las ant\u00edpodas del poder, es palabra resistente.<\/p>\n","protected":false},"featured_media":257,"comment_status":"open","ping_status":"closed","template":"","meta":[],"product_brand":[],"product_cat":[17],"product_tag":[],"class_list":{"0":"post-280","1":"product","2":"type-product","3":"status-publish","4":"has-post-thumbnail","6":"product_cat-poesia","8":"first","9":"instock","10":"taxable","11":"shipping-taxable","12":"purchasable","13":"product-type-simple"},"_links":{"self":[{"href":"https:\/\/marcianoediciones.cl\/index.php\/wp-json\/wp\/v2\/product\/280","targetHints":{"allow":["GET"]}}],"collection":[{"href":"https:\/\/marcianoediciones.cl\/index.php\/wp-json\/wp\/v2\/product"}],"about":[{"href":"https:\/\/marcianoediciones.cl\/index.php\/wp-json\/wp\/v2\/types\/product"}],"replies":[{"embeddable":true,"href":"https:\/\/marcianoediciones.cl\/index.php\/wp-json\/wp\/v2\/comments?post=280"}],"wp:featuredmedia":[{"embeddable":true,"href":"https:\/\/marcianoediciones.cl\/index.php\/wp-json\/wp\/v2\/media\/257"}],"wp:attachment":[{"href":"https:\/\/marcianoediciones.cl\/index.php\/wp-json\/wp\/v2\/media?parent=280"}],"wp:term":[{"taxonomy":"product_brand","embeddable":true,"href":"https:\/\/marcianoediciones.cl\/index.php\/wp-json\/wp\/v2\/product_brand?post=280"},{"taxonomy":"product_cat","embeddable":true,"href":"https:\/\/marcianoediciones.cl\/index.php\/wp-json\/wp\/v2\/product_cat?post=280"},{"taxonomy":"product_tag","embeddable":true,"href":"https:\/\/marcianoediciones.cl\/index.php\/wp-json\/wp\/v2\/product_tag?post=280"}],"curies":[{"name":"wp","href":"https:\/\/api.w.org\/{rel}","templated":true}]}}

<p>Autora: Trenza</p>
<p>Tipo de obra: Poesía</p>
<p>Formato: Tapa blanda, 172 páginas</p>
<p>Dimensiones: 15 cm x 23 cm</p>
<p>ISBN: 978-956-6094-19-7</p>
<p>Despacho sin costo a todo Chile</p>
<p>La poesía de la Trenza es política, ya que sobrepasó esa dicotomía del arte y la política, se anida en las antípodas del poder, es palabra resistente.</p>

<p>La poesía de la Trenza es política, ya que sobrepasó esa dicotomía del arte y la política, se anida en las antípodas del poder, es palabra resistente.</p>
