{"id":281,"date":"2025-01-14T13:43:42","date_gmt":"2025-01-14T13:43:42","guid":{"rendered":"https:\/\/marcianoediciones.cl\/?post_type=product&#038;p=281"},"modified":"2025-04-24T09:39:45","modified_gmt":"2025-04-24T13:39:45","slug":"la-danza-de-las-esferas","status":"publish","type":"product","link":"https:\/\/marcianoediciones.cl\/index.php\/producto\/la-danza-de-las-esferas\/","title":{"rendered":"La danza de las esferas"},"content":{"rendered":"<p>Autor: Sandriuska Theremin<\/p>\n<p>Tipo de obra: Poes\u00eda<\/p>\n<p>Formato: Tapa blanda, 64 p\u00e1ginas<\/p>\n<p>Dimensiones: 14 cm x 21 cm<\/p>\n<p>ISBN: 978-956-6094-30-2<\/p>\n<p>Despacho sin costo a todo Chile<\/p>\n<p>Poemas en distintas claves y collages. Francisco Vejar dice respecto a este libro: \u201clos invito a leer La danza de las esferas como quien lanza un pu\u00f1ado de estrellas en un sitio bald\u00edo. Despu\u00e9s de todo, la poes\u00eda est\u00e1 destinada a ganarle al desierto&#8221;.<\/p>\n","protected":false},"excerpt":{"rendered":"<p>Poemas en distintas claves y collages. Francisco Vejar dice respecto a este libro: \u201clos invito a leer La danza de las esferas como quien lanza un pu\u00f1ado de estrellas en un sitio bald\u00edo. Despu\u00e9s de todo, la poes\u00eda est\u00e1 destinada a ganarle al desierto&#8221;.<\/p>\n","protected":false},"featured_media":234,"comment_status":"open","ping_status":"closed","template":"","meta":[],"product_brand":[],"product_cat":[17],"product_tag":[],"class_list":{"0":"post-281","1":"product","2":"type-product","3":"status-publish","4":"has-post-thumbnail","6":"product_cat-poesia","8":"first","9":"instock","10":"taxable","11":"shipping-taxable","12":"purchasable","13":"product-type-simple"},"_links":{"self":[{"href":"https:\/\/marcianoediciones.cl\/index.php\/wp-json\/wp\/v2\/product\/281","targetHints":{"allow":["GET"]}}],"collection":[{"href":"https:\/\/marcianoediciones.cl\/index.php\/wp-json\/wp\/v2\/product"}],"about":[{"href":"https:\/\/marcianoediciones.cl\/index.php\/wp-json\/wp\/v2\/types\/product"}],"replies":[{"embeddable":true,"href":"https:\/\/marcianoediciones.cl\/index.php\/wp-json\/wp\/v2\/comments?post=281"}],"wp:featuredmedia":[{"embeddable":true,"href":"https:\/\/marcianoediciones.cl\/index.php\/wp-json\/wp\/v2\/media\/234"}],"wp:attachment":[{"href":"https:\/\/marcianoediciones.cl\/index.php\/wp-json\/wp\/v2\/media?parent=281"}],"wp:term":[{"taxonomy":"product_brand","embeddable":true,"href":"https:\/\/marcianoediciones.cl\/index.php\/wp-json\/wp\/v2\/product_brand?post=281"},{"taxonomy":"product_cat","embeddable":true,"href":"https:\/\/marcianoediciones.cl\/index.php\/wp-json\/wp\/v2\/product_cat?post=281"},{"taxonomy":"product_tag","embeddable":true,"href":"https:\/\/marcianoediciones.cl\/index.php\/wp-json\/wp\/v2\/product_tag?post=281"}],"curies":[{"name":"wp","href":"https:\/\/api.w.org\/{rel}","templated":true}]}}