{"id":284,"date":"2025-01-14T13:49:43","date_gmt":"2025-01-14T13:49:43","guid":{"rendered":"https:\/\/marcianoediciones.cl\/?post_type=product&#038;p=284"},"modified":"2025-01-14T13:49:43","modified_gmt":"2025-01-14T13:49:43","slug":"venganza","status":"publish","type":"product","link":"https:\/\/marcianoediciones.cl\/index.php\/producto\/venganza\/","title":{"rendered":"Venganza"},"content":{"rendered":"<p>Autora: Ver\u00f3nica Rocas\u00e9<\/p>\n<p>Tipo de obra: Novela<\/p>\n<p>Formato: Tapa blanda, 78 p\u00e1ginas<\/p>\n<p>Dimensiones: 15 cm x 23 cm<\/p>\n<p>ISBN: 978-956-6094-36-4<\/p>\n<p>Despacho sin costo a todo Chile<\/p>\n<p>Una historia de cuentas por saldar, de rencores que perduran m\u00e1s all\u00e1 de los a\u00f1os, de personas enfrentadas durante la dictadura chilena, del largo aliento de la venganza que, como una tragedia griega, los alcanza.<\/p>\n","protected":false},"excerpt":{"rendered":"<p>Una historia de cuentas por saldar, de rencores que perduran m\u00e1s all\u00e1 de los a\u00f1os, de personas enfrentadas durante la dictadura chilena, del largo aliento de la venganza que, como una tragedia griega, los alcanza.<\/p>\n","protected":false},"featured_media":258,"comment_status":"open","ping_status":"closed","template":"","meta":[],"product_brand":[],"product_cat":[18],"product_tag":[],"class_list":{"0":"post-284","1":"product","2":"type-product","3":"status-publish","4":"has-post-thumbnail","6":"product_cat-novela","8":"first","9":"instock","10":"taxable","11":"shipping-taxable","12":"purchasable","13":"product-type-simple"},"_links":{"self":[{"href":"https:\/\/marcianoediciones.cl\/index.php\/wp-json\/wp\/v2\/product\/284","targetHints":{"allow":["GET"]}}],"collection":[{"href":"https:\/\/marcianoediciones.cl\/index.php\/wp-json\/wp\/v2\/product"}],"about":[{"href":"https:\/\/marcianoediciones.cl\/index.php\/wp-json\/wp\/v2\/types\/product"}],"replies":[{"embeddable":true,"href":"https:\/\/marcianoediciones.cl\/index.php\/wp-json\/wp\/v2\/comments?post=284"}],"wp:featuredmedia":[{"embeddable":true,"href":"https:\/\/marcianoediciones.cl\/index.php\/wp-json\/wp\/v2\/media\/258"}],"wp:attachment":[{"href":"https:\/\/marcianoediciones.cl\/index.php\/wp-json\/wp\/v2\/media?parent=284"}],"wp:term":[{"taxonomy":"product_brand","embeddable":true,"href":"https:\/\/marcianoediciones.cl\/index.php\/wp-json\/wp\/v2\/product_brand?post=284"},{"taxonomy":"product_cat","embeddable":true,"href":"https:\/\/marcianoediciones.cl\/index.php\/wp-json\/wp\/v2\/product_cat?post=284"},{"taxonomy":"product_tag","embeddable":true,"href":"https:\/\/marcianoediciones.cl\/index.php\/wp-json\/wp\/v2\/product_tag?post=284"}],"curies":[{"name":"wp","href":"https:\/\/api.w.org\/{rel}","templated":true}]}}