{"id":285,"date":"2025-01-14T13:51:58","date_gmt":"2025-01-14T13:51:58","guid":{"rendered":"https:\/\/marcianoediciones.cl\/?post_type=product&#038;p=285"},"modified":"2025-04-24T09:37:25","modified_gmt":"2025-04-24T13:37:25","slug":"tutti-frutti","status":"publish","type":"product","link":"https:\/\/marcianoediciones.cl\/index.php\/producto\/tutti-frutti\/","title":{"rendered":"Tutti Frutti"},"content":{"rendered":"<p>Autor: Gonzalo Vilo<\/p>\n<p>Tipo de obra: Cuentos<\/p>\n<p>Formato: Tapa blanda, 140 p\u00e1ginas<\/p>\n<p>Dimensiones: 15 cm x 23 cm<\/p>\n<p>ISBN: 978-956-6094-38-8<\/p>\n<p>Despacho sin costo a todo Chile<\/p>\n<p>Tutti Frutti no es solo una obra que se r\u00ede de la sociedad o nos hace reflexionar sobre ella; es tambi\u00e9n, de forma sutil, una muestra de hacia d\u00f3nde podr\u00eda ir la literatura chilena si no se estanca en su b\u00fanker de confort.<\/p>\n","protected":false},"excerpt":{"rendered":"<p>Tutti Frutti no es solo una obra que se r\u00ede de la sociedad o nos hace reflexionar sobre ella; es tambi\u00e9n, de forma sutil, una muestra de hacia d\u00f3nde podr\u00eda ir la literatura chilena si no se estanca en su b\u00fanker de confort.<\/p>\n","protected":false},"featured_media":256,"comment_status":"open","ping_status":"closed","template":"","meta":[],"product_brand":[],"product_cat":[19],"product_tag":[],"class_list":{"0":"post-285","1":"product","2":"type-product","3":"status-publish","4":"has-post-thumbnail","6":"product_cat-cuentos_y_relatos","8":"first","9":"instock","10":"taxable","11":"shipping-taxable","12":"purchasable","13":"product-type-simple"},"_links":{"self":[{"href":"https:\/\/marcianoediciones.cl\/index.php\/wp-json\/wp\/v2\/product\/285","targetHints":{"allow":["GET"]}}],"collection":[{"href":"https:\/\/marcianoediciones.cl\/index.php\/wp-json\/wp\/v2\/product"}],"about":[{"href":"https:\/\/marcianoediciones.cl\/index.php\/wp-json\/wp\/v2\/types\/product"}],"replies":[{"embeddable":true,"href":"https:\/\/marcianoediciones.cl\/index.php\/wp-json\/wp\/v2\/comments?post=285"}],"wp:featuredmedia":[{"embeddable":true,"href":"https:\/\/marcianoediciones.cl\/index.php\/wp-json\/wp\/v2\/media\/256"}],"wp:attachment":[{"href":"https:\/\/marcianoediciones.cl\/index.php\/wp-json\/wp\/v2\/media?parent=285"}],"wp:term":[{"taxonomy":"product_brand","embeddable":true,"href":"https:\/\/marcianoediciones.cl\/index.php\/wp-json\/wp\/v2\/product_brand?post=285"},{"taxonomy":"product_cat","embeddable":true,"href":"https:\/\/marcianoediciones.cl\/index.php\/wp-json\/wp\/v2\/product_cat?post=285"},{"taxonomy":"product_tag","embeddable":true,"href":"https:\/\/marcianoediciones.cl\/index.php\/wp-json\/wp\/v2\/product_tag?post=285"}],"curies":[{"name":"wp","href":"https:\/\/api.w.org\/{rel}","templated":true}]}}