{"id":629,"date":"2025-12-03T06:58:53","date_gmt":"2025-12-03T10:58:53","guid":{"rendered":"https:\/\/marcianoediciones.cl\/?post_type=product&#038;p=629"},"modified":"2026-01-06T10:58:09","modified_gmt":"2026-01-06T14:58:09","slug":"tren-a-ninguna-parte","status":"publish","type":"product","link":"https:\/\/marcianoediciones.cl\/index.php\/producto\/tren-a-ninguna-parte\/","title":{"rendered":"Tren a ninguna parte"},"content":{"rendered":"<p>Autor: Dime Dans<\/p>\n<p>Tipo de obra: Poemas<\/p>\n<p>Formato: Tapa blanda, 142 p\u00e1ginas<\/p>\n<p>Dimensiones: 15 cm x 23 cm<\/p>\n<p>ISBN: 978-956-6094-93-7<\/p>\n<p>Despacho sin costo a todo Chile<\/p>\n<p>Tren a ninguna parte es un libro de poemas. pero tambi\u00e9n es un viaje sin un destino final. Es un camino largo, con diversas paradas que aportan a la belleza del paisaje en el que est\u00e1s viviendo. Muchas veces es triste, muchas veces es solitario, sin embargo, siempre encontrar\u00e1s la luz correcta que te devuelva al rumbo.<\/p>\n","protected":false},"excerpt":{"rendered":"<p>Poes\u00eda \u00edntima, del desamor, pero tambi\u00e9n de la esperanza.<\/p>\n","protected":false},"featured_media":630,"comment_status":"open","ping_status":"closed","template":"","meta":[],"product_brand":[],"product_cat":[17],"product_tag":[],"class_list":{"0":"post-629","1":"product","2":"type-product","3":"status-publish","4":"has-post-thumbnail","6":"product_cat-poesia","8":"first","9":"instock","10":"taxable","11":"shipping-taxable","12":"purchasable","13":"product-type-simple"},"_links":{"self":[{"href":"https:\/\/marcianoediciones.cl\/index.php\/wp-json\/wp\/v2\/product\/629","targetHints":{"allow":["GET"]}}],"collection":[{"href":"https:\/\/marcianoediciones.cl\/index.php\/wp-json\/wp\/v2\/product"}],"about":[{"href":"https:\/\/marcianoediciones.cl\/index.php\/wp-json\/wp\/v2\/types\/product"}],"replies":[{"embeddable":true,"href":"https:\/\/marcianoediciones.cl\/index.php\/wp-json\/wp\/v2\/comments?post=629"}],"wp:featuredmedia":[{"embeddable":true,"href":"https:\/\/marcianoediciones.cl\/index.php\/wp-json\/wp\/v2\/media\/630"}],"wp:attachment":[{"href":"https:\/\/marcianoediciones.cl\/index.php\/wp-json\/wp\/v2\/media?parent=629"}],"wp:term":[{"taxonomy":"product_brand","embeddable":true,"href":"https:\/\/marcianoediciones.cl\/index.php\/wp-json\/wp\/v2\/product_brand?post=629"},{"taxonomy":"product_cat","embeddable":true,"href":"https:\/\/marcianoediciones.cl\/index.php\/wp-json\/wp\/v2\/product_cat?post=629"},{"taxonomy":"product_tag","embeddable":true,"href":"https:\/\/marcianoediciones.cl\/index.php\/wp-json\/wp\/v2\/product_tag?post=629"}],"curies":[{"name":"wp","href":"https:\/\/api.w.org\/{rel}","templated":true}]}}